{"id":1742,"date":"2024-11-28T15:25:37","date_gmt":"2024-11-28T14:25:37","guid":{"rendered":"https:\/\/garden-globe.com\/?page_id=1742"},"modified":"2025-04-10T15:29:01","modified_gmt":"2025-04-10T13:29:01","slug":"voyage-surprise","status":"publish","type":"page","link":"https:\/\/garden-globe.com\/index.php\/voyage-surprise\/","title":{"rendered":"Voyage surprise"},"content":{"rendered":"\t\t<div data-elementor-type=\"wp-page\" data-elementor-id=\"1742\" class=\"elementor elementor-1742\" data-elementor-settings=\"[]\">\n\t\t\t\t\t\t<div class=\"elementor-inner\">\n\t\t\t\t\t\t\t<div class=\"elementor-section-wrap\">\n\t\t\t\t\t\t\t<section class=\"elementor-section elementor-top-section elementor-element elementor-element-8ddf396 elementor-section-boxed elementor-section-height-default elementor-section-height-default\" data-id=\"8ddf396\" data-element_type=\"section\">\n\t\t\t\t\t\t<div class=\"elementor-container elementor-column-gap-default\">\n\t\t\t\t\t\t\t<div class=\"elementor-row\">\n\t\t\t\t\t<div class=\"elementor-column elementor-col-100 elementor-top-column elementor-element elementor-element-4e7babe\" data-id=\"4e7babe\" data-element_type=\"column\">\n\t\t\t<div class=\"elementor-column-wrap elementor-element-populated\">\n\t\t\t\t\t\t\t<div class=\"elementor-widget-wrap\">\n\t\t\t\t\t\t<div class=\"elementor-element elementor-element-edc75a5 elementor-widget elementor-widget-heading\" data-id=\"edc75a5\" data-element_type=\"widget\" data-widget_type=\"heading.default\">\n\t\t\t\t<div class=\"elementor-widget-container\">\n\t\t\t<h2 class=\"elementor-heading-title elementor-size-default\">Voyage surprise: une exp\u00e9rience unique et personnalis\u00e9e \u00e0 chaque \u00e9tape<\/h2>\t\t<\/div>\n\t\t\t\t<\/div>\n\t\t\t\t\t\t<\/div>\n\t\t\t\t\t<\/div>\n\t\t<\/div>\n\t\t\t\t\t\t\t\t<\/div>\n\t\t\t\t\t<\/div>\n\t\t<\/section>\n\t\t\t\t<section class=\"elementor-section elementor-top-section elementor-element elementor-element-3a4b6ce7 elementor-section-boxed elementor-section-height-default elementor-section-height-default\" data-id=\"3a4b6ce7\" data-element_type=\"section\">\n\t\t\t\t\t\t<div class=\"elementor-container elementor-column-gap-default\">\n\t\t\t\t\t\t\t<div class=\"elementor-row\">\n\t\t\t\t\t<div class=\"elementor-column elementor-col-100 elementor-top-column elementor-element elementor-element-4ecbf908\" data-id=\"4ecbf908\" data-element_type=\"column\">\n\t\t\t<div class=\"elementor-column-wrap elementor-element-populated\">\n\t\t\t\t\t\t\t<div class=\"elementor-widget-wrap\">\n\t\t\t\t\t\t<div class=\"elementor-element elementor-element-13d35f37 elementor-widget elementor-widget-text-editor\" data-id=\"13d35f37\" data-element_type=\"widget\" data-widget_type=\"text-editor.default\">\n\t\t\t\t<div class=\"elementor-widget-container\">\n\t\t\t\t\t<div class=\"elementor-text-editor elementor-clearfix\"><div class=\"wp-block-columns\">\n<p><!-- wp:column {\"width\":\"100%\"} --><\/p>\n<div class=\"wp-block-column\" style=\"flex-basis: 100%;\">\n<p><!-- wp:image {\"id\":1586,\"width\":\"784px\",\"height\":\"auto\",\"aspectRatio\":\"1.7777777777777777\",\"scale\":\"cover\",\"sizeSlug\":\"large\",\"linkDestination\":\"none\",\"align\":\"left\"} --><\/p>\n<figure class=\"wp-block-image alignleft size-large is-resized\"><img loading=\"lazy\" decoding=\"async\" width=\"1024\" height=\"1024\" class=\"wp-image-1586\" style=\"aspect-ratio: 1.7777777777777777; object-fit: cover; width: 784px; height: auto;\" src=\"https:\/\/garden-globe.com\/wp-content\/uploads\/2024\/08\/1-2-1024x1024.png\" alt=\"Une femme surprise par le voyage surprise. En arri\u00e8re-plan, la destination du voyage, la Gr\u00e8ce.\" srcset=\"https:\/\/garden-globe.com\/wp-content\/uploads\/2024\/08\/1-2-1024x1024.png 1024w, https:\/\/garden-globe.com\/wp-content\/uploads\/2024\/08\/1-2-300x300.png 300w, https:\/\/garden-globe.com\/wp-content\/uploads\/2024\/08\/1-2-150x150.png 150w, https:\/\/garden-globe.com\/wp-content\/uploads\/2024\/08\/1-2-768x768.png 768w, https:\/\/garden-globe.com\/wp-content\/uploads\/2024\/08\/1-2-1536x1536.png 1536w, https:\/\/garden-globe.com\/wp-content\/uploads\/2024\/08\/1-2-830x830.png 830w, https:\/\/garden-globe.com\/wp-content\/uploads\/2024\/08\/1-2-230x230.png 230w, https:\/\/garden-globe.com\/wp-content\/uploads\/2024\/08\/1-2-350x350.png 350w, https:\/\/garden-globe.com\/wp-content\/uploads\/2024\/08\/1-2-480x480.png 480w, https:\/\/garden-globe.com\/wp-content\/uploads\/2024\/08\/1-2.png 1890w\" sizes=\"auto, (max-width: 1024px) 100vw, 1024px\" \/><\/figure>\n<p><!-- \/wp:image --><\/p>\n<\/div>\n<p>\u00a0<\/p>\n<\/div>\n<p><!-- \/wp:heading --><!-- wp:heading {\"level\":3} --><\/p>\n<h3 class=\"wp-block-heading\"><strong>Le voyage surprise est une exp\u00e9rience innovante, id\u00e9ale pour les amateurs de d\u00e9couvertes et de myst\u00e8re. Chez Garden Globe, nous avons cr\u00e9\u00e9 ce concept pour offrir une aventure inoubliable \u00e0 ceux qui souhaitent vivre un voyage hors du commun.<\/strong><\/h3>\n<p><!-- \/wp:heading --><!-- wp:heading --><\/p>\n<h2 class=\"wp-block-heading\"><strong>Comment \u00e7a marche ?<\/strong><\/h2>\n<p><!-- \/wp:heading --><!-- wp:list {\"ordered\":true} --><\/p>\n<ol class=\"wp-block-list\">\n<li style=\"list-style-type: none;\">\n<ol class=\"wp-block-list\"><!-- wp:list-item --><\/ol>\n<\/li>\n<\/ol>\n<ol class=\"wp-block-list\">\n<li style=\"list-style-type: none;\">\n<ol class=\"wp-block-list\">\n<li><strong>Personnalisation compl\u00e8te :<\/strong>\u00a0Vous nous communiquez vos pr\u00e9f\u00e9rences : date de d\u00e9part, budget, types d\u2019exp\u00e9riences souhait\u00e9es (nature, culture, gastronomie, sport, etc.). Gr\u00e2ce \u00e0 ces informations, nous cr\u00e9ons un profil unique pour concevoir un itin\u00e9raire sur mesure.<\/li>\n<\/ol>\n<\/li>\n<\/ol>\n<p><!-- \/wp:list-item --><!-- wp:list-item --><\/p>\n<ol class=\"wp-block-list\">\n<li style=\"list-style-type: none;\">\n<ol class=\"wp-block-list\">\n<li><strong>Un itin\u00e9raire tenu secret :<\/strong>\u00a0Les d\u00e9tails de votre voyage restent confidentiels. Tout ce que vous savez, c\u2019est que nous avons pens\u00e9 \u00e0 tout pour vous offrir une aventure exceptionnelle.<\/li>\n<\/ol>\n<\/li>\n<\/ol>\n<p><!-- \/wp:list-item --><!-- wp:list-item --><\/p>\n<ol class=\"wp-block-list\">\n<li style=\"list-style-type: none;\">\n<ol class=\"wp-block-list\">\n<li><strong>Des \u00e9tapes d\u00e9voil\u00e9es au fil du s\u00e9jour :<\/strong>\u00a0\u00c0 votre d\u00e9part, une premi\u00e8re enveloppe vous r\u00e9v\u00e9lera votre destination. Une fois sur place, d\u2019autres enveloppes vous guideront vers des activit\u00e9s soigneusement s\u00e9lectionn\u00e9es, des lieux \u00e0 visiter et des surprises, pour une immersion totale dans l\u2019inconnu.<\/li>\n<\/ol>\n<\/li>\n<\/ol>\n<p><!-- \/wp:list-item --><\/p>\n<p><!-- \/wp:list --><!-- wp:heading --><\/p>\n<h2 class=\"wp-block-heading\"><strong>Partez \u00e0 l&rsquo;aventure : des voyages surprises adapt\u00e9s \u00e0 vos envies<\/strong><\/h2>\n<p><!-- \/wp:heading --><!-- wp:paragraph --><\/p>\n<p>Ce concept unique s\u2019adresse \u00e0 ceux qui veulent sortir des sentiers battus. Vous profitez d\u2019une organisation sans faille tout en savourant chaque moment avec la joie de l\u2019inattendu. Que vous voyagiez seul, en couple ou en groupe, nous adaptons chaque s\u00e9jour \u00e0 vos envies et besoins.<\/p>\n<p><!-- \/wp:paragraph --><!-- wp:paragraph --><\/p>\n<p>Avec Garden Globe, partez \u00e0 l\u2019aventure sans souci. Vous n\u2019avez qu\u2019\u00e0 vous d\u00e9tendre, ouvrir vos enveloppes et profiter de chaque instant.<\/p>\n<p><!-- \/wp:paragraph --><!-- wp:paragraph --><\/p>\n<p><strong>D\u00e9couvrez d\u00e8s aujourd\u2019hui nos offres de voyages surprises et laissez-nous cr\u00e9er pour vous une exp\u00e9rience m\u00e9morable et in\u00e9dite !<\/strong><\/p>\n<p><!-- \/wp:paragraph --><\/p><\/div>\n\t\t\t\t<\/div>\n\t\t\t\t<\/div>\n\t\t\t\t\t\t<\/div>\n\t\t\t\t\t<\/div>\n\t\t<\/div>\n\t\t\t\t\t\t\t\t<\/div>\n\t\t\t\t\t<\/div>\n\t\t<\/section>\n\t\t\t\t<section class=\"elementor-section elementor-top-section elementor-element elementor-element-9d709c8 elementor-section-boxed elementor-section-height-default elementor-section-height-default\" data-id=\"9d709c8\" data-element_type=\"section\">\n\t\t\t\t\t\t<div class=\"elementor-container elementor-column-gap-default\">\n\t\t\t\t\t\t\t<div class=\"elementor-row\">\n\t\t\t\t\t<div class=\"elementor-column elementor-col-100 elementor-top-column elementor-element elementor-element-0aa4da1\" data-id=\"0aa4da1\" data-element_type=\"column\">\n\t\t\t<div class=\"elementor-column-wrap elementor-element-populated\">\n\t\t\t\t\t\t\t<div class=\"elementor-widget-wrap\">\n\t\t\t\t\t\t<div class=\"elementor-element elementor-element-ae633c7 elementor-aspect-ratio-169 elementor-widget elementor-widget-video\" data-id=\"ae633c7\" data-element_type=\"widget\" data-settings=\"{&quot;aspect_ratio&quot;:&quot;169&quot;}\" data-widget_type=\"video.default\">\n\t\t\t\t<div class=\"elementor-widget-container\">\n\t\t\t\t\t<div class=\"elementor-wrapper elementor-fit-aspect-ratio elementor-open-inline\">\n\t\t\t<iframe class=\"elementor-video-iframe\" allowfullscreen title=\"Lecteur vid\u00e9o youtube\" src=\"https:\/\/www.youtube.com\/embed\/n5XSYK5mALQ?feature=oembed&amp;start&amp;end&amp;wmode=opaque&amp;loop=0&amp;controls=1&amp;mute=0&amp;rel=0&amp;modestbranding=0\"><\/iframe>\t\t<\/div>\n\t\t\t\t<\/div>\n\t\t\t\t<\/div>\n\t\t\t\t\t\t<\/div>\n\t\t\t\t\t<\/div>\n\t\t<\/div>\n\t\t\t\t\t\t\t\t<\/div>\n\t\t\t\t\t<\/div>\n\t\t<\/section>\n\t\t\t\t<section class=\"elementor-section elementor-top-section elementor-element elementor-element-29ed25a elementor-section-boxed elementor-section-height-default elementor-section-height-default\" data-id=\"29ed25a\" data-element_type=\"section\">\n\t\t\t\t\t\t<div class=\"elementor-container elementor-column-gap-default\">\n\t\t\t\t\t\t\t<div class=\"elementor-row\">\n\t\t\t\t\t<div class=\"elementor-column elementor-col-100 elementor-top-column elementor-element elementor-element-d45afde\" data-id=\"d45afde\" data-element_type=\"column\">\n\t\t\t<div class=\"elementor-column-wrap elementor-element-populated\">\n\t\t\t\t\t\t\t<div class=\"elementor-widget-wrap\">\n\t\t\t\t\t\t<div class=\"elementor-element elementor-element-de652a4 elementor-widget elementor-widget-spacer\" data-id=\"de652a4\" data-element_type=\"widget\" data-widget_type=\"spacer.default\">\n\t\t\t\t<div class=\"elementor-widget-container\">\n\t\t\t\t\t<div class=\"elementor-spacer\">\n\t\t\t<div class=\"elementor-spacer-inner\"><\/div>\n\t\t<\/div>\n\t\t\t\t<\/div>\n\t\t\t\t<\/div>\n\t\t\t\t\t\t<\/div>\n\t\t\t\t\t<\/div>\n\t\t<\/div>\n\t\t\t\t\t\t\t\t<\/div>\n\t\t\t\t\t<\/div>\n\t\t<\/section>\n\t\t\t\t<section class=\"elementor-section elementor-top-section elementor-element elementor-element-111ccb6 elementor-section-boxed elementor-section-height-default elementor-section-height-default\" data-id=\"111ccb6\" data-element_type=\"section\">\n\t\t\t\t\t\t<div class=\"elementor-container elementor-column-gap-default\">\n\t\t\t\t\t\t\t<div class=\"elementor-row\">\n\t\t\t\t\t<div class=\"elementor-column elementor-col-50 elementor-top-column elementor-element elementor-element-b156f0a\" data-id=\"b156f0a\" data-element_type=\"column\">\n\t\t\t<div class=\"elementor-column-wrap elementor-element-populated\">\n\t\t\t\t\t\t\t<div class=\"elementor-widget-wrap\">\n\t\t\t\t\t\t<div class=\"elementor-element elementor-element-3d8903b elementor-widget elementor-widget-image\" data-id=\"3d8903b\" data-element_type=\"widget\" data-widget_type=\"image.default\">\n\t\t\t\t<div class=\"elementor-widget-container\">\n\t\t\t\t\t<div class=\"elementor-image\">\n\t\t\t\t\t\t\t\t\t\t\t<a href=\"https:\/\/garden-globe.com\/index.php\/voyage-sur-mesure\/\">\n\t\t\t\t\t\t\t<img loading=\"lazy\" decoding=\"async\" width=\"1024\" height=\"1024\" src=\"https:\/\/garden-globe.com\/wp-content\/uploads\/2024\/08\/2-2-1024x1024.png\" class=\"attachment-large size-large\" alt=\"voyage personnalis\u00e9 avec une carte et divers objets de voyage, un petit avion, un passeport, un chapeau d&#039;\u00e9t\u00e9 blanc, des euros, un vieil appareil photo, des lunettes de soleil et une tablette.\" srcset=\"https:\/\/garden-globe.com\/wp-content\/uploads\/2024\/08\/2-2-1024x1024.png 1024w, https:\/\/garden-globe.com\/wp-content\/uploads\/2024\/08\/2-2-300x300.png 300w, https:\/\/garden-globe.com\/wp-content\/uploads\/2024\/08\/2-2-150x150.png 150w, https:\/\/garden-globe.com\/wp-content\/uploads\/2024\/08\/2-2-768x768.png 768w, https:\/\/garden-globe.com\/wp-content\/uploads\/2024\/08\/2-2-1536x1536.png 1536w, https:\/\/garden-globe.com\/wp-content\/uploads\/2024\/08\/2-2-830x830.png 830w, https:\/\/garden-globe.com\/wp-content\/uploads\/2024\/08\/2-2-230x230.png 230w, https:\/\/garden-globe.com\/wp-content\/uploads\/2024\/08\/2-2-350x350.png 350w, https:\/\/garden-globe.com\/wp-content\/uploads\/2024\/08\/2-2-480x480.png 480w, https:\/\/garden-globe.com\/wp-content\/uploads\/2024\/08\/2-2.png 1890w\" sizes=\"auto, (max-width: 1024px) 100vw, 1024px\" \/>\t\t\t\t\t\t\t\t<\/a>\n\t\t\t\t\t\t\t\t\t\t\t<\/div>\n\t\t\t\t<\/div>\n\t\t\t\t<\/div>\n\t\t\t\t\t\t<\/div>\n\t\t\t\t\t<\/div>\n\t\t<\/div>\n\t\t\t\t<div class=\"elementor-column elementor-col-50 elementor-top-column elementor-element elementor-element-fafc34b\" data-id=\"fafc34b\" data-element_type=\"column\">\n\t\t\t<div class=\"elementor-column-wrap elementor-element-populated\">\n\t\t\t\t\t\t\t<div class=\"elementor-widget-wrap\">\n\t\t\t\t\t\t<div class=\"elementor-element elementor-element-9ed593e elementor-widget elementor-widget-image\" data-id=\"9ed593e\" data-element_type=\"widget\" data-widget_type=\"image.default\">\n\t\t\t\t<div class=\"elementor-widget-container\">\n\t\t\t\t\t<div class=\"elementor-image\">\n\t\t\t\t\t\t\t\t\t\t\t<a href=\"https:\/\/garden-globe.com\/index.php\/voyage-en-groupe\/\">\n\t\t\t\t\t\t\t<img loading=\"lazy\" decoding=\"async\" width=\"1024\" height=\"1024\" src=\"https:\/\/garden-globe.com\/wp-content\/uploads\/2024\/08\/3-2-1024x1024.png\" class=\"attachment-large size-large\" alt=\"voyage en groupe face \u00e0 la montagne\" srcset=\"https:\/\/garden-globe.com\/wp-content\/uploads\/2024\/08\/3-2-1024x1024.png 1024w, https:\/\/garden-globe.com\/wp-content\/uploads\/2024\/08\/3-2-300x300.png 300w, https:\/\/garden-globe.com\/wp-content\/uploads\/2024\/08\/3-2-150x150.png 150w, https:\/\/garden-globe.com\/wp-content\/uploads\/2024\/08\/3-2-768x768.png 768w, https:\/\/garden-globe.com\/wp-content\/uploads\/2024\/08\/3-2-1536x1536.png 1536w, https:\/\/garden-globe.com\/wp-content\/uploads\/2024\/08\/3-2-830x830.png 830w, https:\/\/garden-globe.com\/wp-content\/uploads\/2024\/08\/3-2-230x230.png 230w, https:\/\/garden-globe.com\/wp-content\/uploads\/2024\/08\/3-2-350x350.png 350w, https:\/\/garden-globe.com\/wp-content\/uploads\/2024\/08\/3-2-480x480.png 480w, https:\/\/garden-globe.com\/wp-content\/uploads\/2024\/08\/3-2.png 1890w\" sizes=\"auto, (max-width: 1024px) 100vw, 1024px\" \/>\t\t\t\t\t\t\t\t<\/a>\n\t\t\t\t\t\t\t\t\t\t\t<\/div>\n\t\t\t\t<\/div>\n\t\t\t\t<\/div>\n\t\t\t\t\t\t<\/div>\n\t\t\t\t\t<\/div>\n\t\t<\/div>\n\t\t\t\t\t\t\t\t<\/div>\n\t\t\t\t\t<\/div>\n\t\t<\/section>\n\t\t\t\t<section class=\"elementor-section elementor-top-section elementor-element elementor-element-9f1c85c elementor-section-boxed elementor-section-height-default elementor-section-height-default\" data-id=\"9f1c85c\" data-element_type=\"section\">\n\t\t\t\t\t\t<div class=\"elementor-container elementor-column-gap-default\">\n\t\t\t\t\t\t\t<div class=\"elementor-row\">\n\t\t\t\t\t<div class=\"elementor-column elementor-col-100 elementor-top-column elementor-element elementor-element-02db5b3\" data-id=\"02db5b3\" data-element_type=\"column\">\n\t\t\t<div class=\"elementor-column-wrap elementor-element-populated\">\n\t\t\t\t\t\t\t<div class=\"elementor-widget-wrap\">\n\t\t\t\t\t\t<div class=\"elementor-element elementor-element-7e41c3c elementor-widget elementor-widget-spacer\" data-id=\"7e41c3c\" data-element_type=\"widget\" data-widget_type=\"spacer.default\">\n\t\t\t\t<div class=\"elementor-widget-container\">\n\t\t\t\t\t<div class=\"elementor-spacer\">\n\t\t\t<div class=\"elementor-spacer-inner\"><\/div>\n\t\t<\/div>\n\t\t\t\t<\/div>\n\t\t\t\t<\/div>\n\t\t\t\t\t\t<\/div>\n\t\t\t\t\t<\/div>\n\t\t<\/div>\n\t\t\t\t\t\t\t\t<\/div>\n\t\t\t\t\t<\/div>\n\t\t<\/section>\n\t\t\t\t<section class=\"elementor-section elementor-top-section elementor-element elementor-element-08d0ad5 elementor-section-boxed elementor-section-height-default elementor-section-height-default\" data-id=\"08d0ad5\" data-element_type=\"section\">\n\t\t\t\t\t\t<div class=\"elementor-container elementor-column-gap-default\">\n\t\t\t\t\t\t\t<div class=\"elementor-row\">\n\t\t\t\t\t<div class=\"elementor-column elementor-col-25 elementor-top-column elementor-element elementor-element-506eccf\" data-id=\"506eccf\" data-element_type=\"column\">\n\t\t\t<div class=\"elementor-column-wrap elementor-element-populated\">\n\t\t\t\t\t\t\t<div class=\"elementor-widget-wrap\">\n\t\t\t\t\t\t<div class=\"elementor-element elementor-element-74d74da elementor-align-left elementor-widget elementor-widget-button\" data-id=\"74d74da\" data-element_type=\"widget\" data-widget_type=\"button.default\">\n\t\t\t\t<div class=\"elementor-widget-container\">\n\t\t\t\t\t<div class=\"elementor-button-wrapper\">\n\t\t\t<a href=\"https:\/\/garden-globe.com\/index.php\/agence-de-voyages-la-rochelle\/\" class=\"elementor-button-link elementor-button elementor-size-md\" role=\"button\">\n\t\t\t\t\t\t<span class=\"elementor-button-content-wrapper\">\n\t\t\t\t\t\t<span class=\"elementor-button-text\">La Rochelle<\/span>\n\t\t<\/span>\n\t\t\t\t\t<\/a>\n\t\t<\/div>\n\t\t\t\t<\/div>\n\t\t\t\t<\/div>\n\t\t\t\t\t\t<\/div>\n\t\t\t\t\t<\/div>\n\t\t<\/div>\n\t\t\t\t<div class=\"elementor-column elementor-col-25 elementor-top-column elementor-element elementor-element-ce7c112\" data-id=\"ce7c112\" data-element_type=\"column\">\n\t\t\t<div class=\"elementor-column-wrap elementor-element-populated\">\n\t\t\t\t\t\t\t<div class=\"elementor-widget-wrap\">\n\t\t\t\t\t\t<div class=\"elementor-element elementor-element-122706d elementor-align-center elementor-widget elementor-widget-button\" data-id=\"122706d\" data-element_type=\"widget\" data-widget_type=\"button.default\">\n\t\t\t\t<div class=\"elementor-widget-container\">\n\t\t\t\t\t<div class=\"elementor-button-wrapper\">\n\t\t\t<a href=\"https:\/\/garden-globe.com\/index.php\/agence-de-voyages-chantonnay\/\" class=\"elementor-button-link elementor-button elementor-size-md\" role=\"button\">\n\t\t\t\t\t\t<span class=\"elementor-button-content-wrapper\">\n\t\t\t\t\t\t<span class=\"elementor-button-text\">Chantonnay<\/span>\n\t\t<\/span>\n\t\t\t\t\t<\/a>\n\t\t<\/div>\n\t\t\t\t<\/div>\n\t\t\t\t<\/div>\n\t\t\t\t\t\t<\/div>\n\t\t\t\t\t<\/div>\n\t\t<\/div>\n\t\t\t\t<div class=\"elementor-column elementor-col-25 elementor-top-column elementor-element elementor-element-dc9f3e8\" data-id=\"dc9f3e8\" data-element_type=\"column\">\n\t\t\t<div class=\"elementor-column-wrap elementor-element-populated\">\n\t\t\t\t\t\t\t<div class=\"elementor-widget-wrap\">\n\t\t\t\t\t\t<div class=\"elementor-element elementor-element-b50f6f8 elementor-align-center elementor-widget elementor-widget-button\" data-id=\"b50f6f8\" data-element_type=\"widget\" data-widget_type=\"button.default\">\n\t\t\t\t<div class=\"elementor-widget-container\">\n\t\t\t\t\t<div class=\"elementor-button-wrapper\">\n\t\t\t<a href=\"https:\/\/garden-globe.com\/index.php\/agence-de-voyages-clisson\/\" class=\"elementor-button-link elementor-button elementor-size-md\" role=\"button\">\n\t\t\t\t\t\t<span class=\"elementor-button-content-wrapper\">\n\t\t\t\t\t\t<span class=\"elementor-button-text\">Clisson<\/span>\n\t\t<\/span>\n\t\t\t\t\t<\/a>\n\t\t<\/div>\n\t\t\t\t<\/div>\n\t\t\t\t<\/div>\n\t\t\t\t\t\t<\/div>\n\t\t\t\t\t<\/div>\n\t\t<\/div>\n\t\t\t\t<div class=\"elementor-column elementor-col-25 elementor-top-column elementor-element elementor-element-1b7c8a1\" data-id=\"1b7c8a1\" data-element_type=\"column\">\n\t\t\t<div class=\"elementor-column-wrap elementor-element-populated\">\n\t\t\t\t\t\t\t<div class=\"elementor-widget-wrap\">\n\t\t\t\t\t\t<div class=\"elementor-element elementor-element-cc7122f elementor-button-info elementor-align-center elementor-widget elementor-widget-button\" data-id=\"cc7122f\" data-element_type=\"widget\" data-widget_type=\"button.default\">\n\t\t\t\t<div class=\"elementor-widget-container\">\n\t\t\t\t\t<div class=\"elementor-button-wrapper\">\n\t\t\t<a href=\"https:\/\/garden-globe.com\/\" class=\"elementor-button-link elementor-button elementor-size-md\" role=\"button\">\n\t\t\t\t\t\t<span class=\"elementor-button-content-wrapper\">\n\t\t\t\t\t\t<span class=\"elementor-button-icon elementor-align-icon-left\">\n\t\t\t\t<i aria-hidden=\"true\" class=\"fas fa-home\"><\/i>\t\t\t<\/span>\n\t\t\t\t\t\t<span class=\"elementor-button-text\">Home<\/span>\n\t\t<\/span>\n\t\t\t\t\t<\/a>\n\t\t<\/div>\n\t\t\t\t<\/div>\n\t\t\t\t<\/div>\n\t\t\t\t\t\t<\/div>\n\t\t\t\t\t<\/div>\n\t\t<\/div>\n\t\t\t\t\t\t\t\t<\/div>\n\t\t\t\t\t<\/div>\n\t\t<\/section>\n\t\t\t\t\t\t<\/div>\n\t\t\t\t\t\t<\/div>\n\t\t\t\t\t<\/div>\n\t\t","protected":false},"excerpt":{"rendered":"<p>Voyage surprise: une exp\u00e9rience unique et personnalis\u00e9e \u00e0 chaque \u00e9tape Le voyage surprise est une exp\u00e9rience innovante, id\u00e9ale pour les amateurs de d\u00e9couvertes et de myst\u00e8re. Chez Garden Globe, nous avons cr\u00e9\u00e9 ce concept pour offrir une aventure inoubliable \u00e0 ceux qui souhaitent vivre un voyage hors du commun. Comment \u00e7a marche ? Partez \u00e0 [&hellip;]<\/p>\n","protected":false},"author":3,"featured_media":0,"parent":0,"menu_order":0,"comment_status":"closed","ping_status":"closed","template":"","meta":{"om_disable_all_campaigns":false,"_monsterinsights_skip_tracking":false,"_monsterinsights_sitenote_active":false,"_monsterinsights_sitenote_note":"","_monsterinsights_sitenote_category":0,"_uf_show_specific_survey":0,"_uf_disable_surveys":false,"footnotes":""},"class_list":["post-1742","page","type-page","status-publish","hentry"],"aioseo_notices":[],"_links":{"self":[{"href":"https:\/\/garden-globe.com\/index.php\/wp-json\/wp\/v2\/pages\/1742","targetHints":{"allow":["GET"]}}],"collection":[{"href":"https:\/\/garden-globe.com\/index.php\/wp-json\/wp\/v2\/pages"}],"about":[{"href":"https:\/\/garden-globe.com\/index.php\/wp-json\/wp\/v2\/types\/page"}],"author":[{"embeddable":true,"href":"https:\/\/garden-globe.com\/index.php\/wp-json\/wp\/v2\/users\/3"}],"replies":[{"embeddable":true,"href":"https:\/\/garden-globe.com\/index.php\/wp-json\/wp\/v2\/comments?post=1742"}],"version-history":[{"count":13,"href":"https:\/\/garden-globe.com\/index.php\/wp-json\/wp\/v2\/pages\/1742\/revisions"}],"predecessor-version":[{"id":1854,"href":"https:\/\/garden-globe.com\/index.php\/wp-json\/wp\/v2\/pages\/1742\/revisions\/1854"}],"wp:attachment":[{"href":"https:\/\/garden-globe.com\/index.php\/wp-json\/wp\/v2\/media?parent=1742"}],"curies":[{"name":"wp","href":"https:\/\/api.w.org\/{rel}","templated":true}]}}